f 17559?
7
What is the units digit of 140076?
6
What is the units digit of 843?
3
What is the hundreds digit of 367?
3
What is the units digit of 96698?
8
What is the tens digit of 543?
4
What is the ten thousands digit of 24412?
2
What is the tens digit of 838?
3
What is the tens digit of 741?
4
What is the thousands digit of 101748?
1
What is the ten thousands digit of 10015?
1
What is the hundreds digit of 5616?
6
What is the tens digit of 3615?
1
What is the units digit of 3648?
8
What is the thousands digit of 5676?
5
What is the tens digit of 861?
6
What is the tens digit of 2710?
1
What is the units digit of 11105?
5
What is the units digit of 3283?
3
What is the units digit of 4843?
3
What is the units digit of 108?
8
What is the thousands digit of 4737?
4
What is the units digit of 8069?
9
What is the units digit of 9532?
2
What is the units digit of 1116?
6
What is the units digit of 541?
1
What is the thousands digit of 3237?
3
What is the units digit of 765?
5
What is the thousands digit of 20099?
0
What is the thousands digit of 1735?
1
What is the hundreds digit of 3062?
0
What is the tens digit of 1177?
7
What is the units digit of 606?
6
What is the thousands digit of 2327?
2
What is the units digit of 2556?
6
What is the thousands digit of 3354?
3
What is the hundreds digit of 1849?
8
What is the hundreds digit of 4402?
4
What is the ten thousands digit of 20578?
2
What is the tens digit of 45821?
2
What is the tens digit of 42593?
9
What is the thousands digit of 33464?
3
What is the units digit of 4196?
6
What is the hundreds digit of 2659?
6
What is the ten thousands digit of 49935?
4
What is the units digit of 839?
9
What is the units digit of 1205?
5
What is the thousands digit of 3135?
3
What is the units digit of 601?
1
What is the units digit of 75014?
4
What is the tens digit of 2084?
8
What is the hundreds digit of 9643?
6
What is the thousands digit of 1466?
1
What is the thousands digit of 2076?
2
What is the thousands digit of 9045?
9
What is the tens digit of 10903?
0
What is the hundreds digit of 1403?
4
What is the tens digit of 176?
7
What is the units digit of 30432?
2
What is the thousands digit of 15302?
5
What is the hundreds digit of 5299?
2
What is the units digit of 3348?
8
What is the tens digit of 6707?
0
What is the units digit of 17064?
4
What is the hundreds digit of 14920?
9
What is the units digit of 1829?
9
What is the hundreds digit of 2386?
3
What is the thousands digit of 23113?
3
What is the hundreds digit of 997?
9
What is the thousands digit of 151512?
1
What is the units digit of 407?
7
What is the tens digit of 56583?
8
What is the units digit of 66277?
7
What is the tens digit of 1413?
1
What is the units digit of 54836?
6
What is the tens digit of 380?
8
What is the hundreds digit of 291?
2
What is the tens digit of 41656?
5
What is the thousands digit of 20627?
0
What is the tens digit of 518?
1
What is the tens digit of 16870?
7
What is the tens digit of 16?
1
What is the units digit of 15853?
3
What is the hundreds digit of 1645?
6
What is the units digit of 98935?
5
What is the thousands digit of 7449?
7
What is the thousands digit of 10462?
0
What is the ten thousands digit of 47970?
4
What is the thousands digit of 14839?
4
What is the thousands digit of 1823?
1
What is the hundreds digit of 67169?
1
What is the thousands digit of 5334?
5
What is the units digit of 3778?
8
What is the hundreds digit of 6395?
3
What is the units digit of 352?
2
What is the hundreds digit of 266?
2
What is the tens digit of 9134?
3
What is the units digit of 1050?
0
What is the hundreds digit of 240?
2
What is the hundred thousands digit of 189051?
1
What is the units digit of 2418?
8
What is the hundreds digit of 7402?
4
What is the tens digit of 440?
4
What is the units digit of 435?
5
What is the tens digit of 59393?
9
What is the hundreds digit of 15931?
9
What is the thousands digit of 58701?
8
What is the tens digit of 4991?
9
What is the units digit of 48290?
0
What is the hundreds digit of 35089?
0
What is the hundreds digit of 116088?
0
What is the hundreds digit of 62412?
4
What is the tens digit of 5561?
6
What is the hundreds digit of 2169?
1
What is the tens digit of 1177?
7
What is the hundreds digit of 73198?
1
What is the units digit of 5372?
2
What is the units digit of 6948?
8
What is the thousands digit of 8638?
8
What is the tens digit of 1486?
8
What is the tens digit of 2692?
9
What is the thousands digit of 2701?
2
What is the thousands digit of 1528?
1
What is the hundreds digit of 5375?
3
What is the tens digit of 1002?
0
What is the hundreds digit of 918?
9
What is the units digit of 2730?
0
What is the tens digit of 2276?
7
What is the units digit of 200?
0
What is the units digit of 8?
8
What is the units digit of 140?
0
What is the hundreds digit of 23801?
8
What is the units digit of 1594?
4
What is the thousands digit of 6887?
6
What is the hundreds digit of 24502?
5
What is the tens digit of 206?
0
What is the tens digit of 1058?
5
What is the tens digit of 9424?
2
What is the ten thousands digit of 11896?
1
What is the tens digit of 51664?
6
What is the hundreds digit of 17129?
1
What is the units digit of 390?
0
What is the thousands digit of 6961?
6
What is the thousands digit of 6374?
6
What is the tens digit of 4185?
8
What is the hundreds digit of 588?
5
What is the units digit of 579?
9
What is the tens digit of 6809?
0
What is the thousands digit of 1868?
1
What is the tens digit of 18095?
9
What is the hundreds digit of 1105?
1
What is the thousands digit of 4512?
4
What is the thousands digit of 72524?
2
What is the tens digit of 975?
7
What is the units digit of 1576?
6
What is the tens digit of 23985?
8
What is the thousands digit of 4098?
4
What is the units digit of 46464?
4
What is the tens digit of 2587?
8
What is the tens digit of 166?
6
What is the thousands digit of 1402?
1
What is the units digit of 6284?
4
What is the hundreds digit of 12553?
5
What is the tens digit of 460?
6
What is the tens digit of 1565?
6
What is the thousands digit of 26178?
6
What is the tens digit of 895?
9
What is the hundreds digit of 10319?
3
What is the thousands digit of 169995?
9
What is the thousands digit of 3924?
3
What is the units digit of 4948?
8
What is the tens digit of 27403?
0
What is the hundreds digit of 2581?
5
What is the units digit of 961?
1
What is the ten thousands digit of 163163?
6
What is the tens digit of 22617?
1
What is the units digit of 668?
8
What is the tens digit of 71983?
8
What is the units digit of 194?
4
What is the units digit of 710?
0
What is the thousands digit of 41634?
1
What is the units digit of 545?
5
What is the units digit of 742?
2
What is the hundreds digit of 30023?
0
What is the units digit of 3578?
8
What is the tens digit of 2533?
3
What is the tens digit of 92?
9
What is the units digit of 52?
2
What is the tens digit of 987?
8
What is the units digit of 20745?
5
What is the tens digit of 23353?
5
What is the tens digit of 20059?
5
What is the tens digit of 749?
4
What is the hundreds digit of 81119?
1
What is the tens digit of 5153?
5
What is the hundreds digit of 9623?
6
What is the tens digit of 826?
2
What is the tens digit of 1174?
7
What is the tens digit of 3630?
3
What is the units digit of 74091?
1
What is the units digit of 11944?
4
What is the hundreds digit of 1274?
2
What is the tens digit of 14941?
4
What is the tens digit of 1590?
9
What is the tens digit of 473?
7
What is the tens digit of 60454?
5
What is the units digit of 2544?
4
What is the tens digit of 6418?
1
What is the units digit of 582?
2
What is the units digit of 1937?
7
What is the ten thousands digit of 76232?
7
What is the tens digit of 814?
1
What is the hundreds digit of 629?
6
What is the units digit of 1358?
8
What is the units digit of 70?
0
What is the units digit of 3458?
8
What is the ten thousands digit of 13941?
1
What is the thousands digit of 171043?
1
What is the units digit of 363?
3
What is the units digit of 27668?
8
What is the ten thousands digit of 24471?
2
What is the hundreds digit of 447?
4
What is the tens digit of 93?
9
What is the units digit of 7010?
0
What is the ten thousands digit of 25493?
2
What is 